149.19.169.74 - - [26/Aug/2026:11:15:17 -0600] "GET /wp-content/uploads/2025/08/Estrellas-980x347.png HTTP/2.0" 200 18272 "https://www.thepicniccompany.mx/en/" "Mozilla/5.0 (iPhone; CPU iPhone OS 16_7_15 like Mac OS X) AppleWebKit/605.1.15 (KHTML, like Gecko) Version/16.6.2 Mobile/15E148 Safari/604.1" www.thepicniccompany.mx 10.53.34.228
149.19.169.74 - - [26/Aug/2026:11:15:17 -0600] "GET /wp-content/uploads/2025/12/Banner-Home-The-Picnic-Company_Bannner-Home-The-Picnic-Company-3-1.jpg HTTP/2.0" 200 330872 "https://www.thepicniccompany.mx/en/" "Mozilla/5.0 (iPhone; CPU iPhone OS 16_7_15 like Mac OS X) AppleWebKit/605.1.15 (KHTML, like Gecko) Version/16.6.2 Mobile/15E148 Safari/604.1" www.thepicniccompany.mx 10.53.34.228
149.19.169.74 - - [26/Aug/2026:11:15:17 -0600] "GET /wp-content/themes/Divi/core/admin/fonts/modules/all/modules.woff HTTP/2.0" 200 92084 "https://www.thepicniccompany.mx/en/" "Mozilla/5.0 (iPhone; CPU iPhone OS 16_7_15 like Mac OS X) AppleWebKit/605.1.15 (KHTML, like Gecko) Version/16.6.2 Mobile/15E148 Safari/604.1" www.thepicniccompany.mx 10.53.34.228
149.19.169.74 - - [26/Aug/2026:11:15:17 -0600] "GET /wp-content/uploads/2025/12/Paralax-The-Picnic-Company-1.jpg HTTP/2.0" 200 264026 "https://www.thepicniccompany.mx/en/" "Mozilla/5.0 (iPhone; CPU iPhone OS 16_7_15 like Mac OS X) AppleWebKit/605.1.15 (KHTML, like Gecko) Version/16.6.2 Mobile/15E148 Safari/604.1" www.thepicniccompany.mx 10.53.34.228
149.19.169.74 - - [26/Aug/2026:11:15:17 -0600] "GET /wp-content/uploads/2025/12/Marry-Me-1.jpg HTTP/2.0" 200 201553 "https://www.thepicniccompany.mx/en/" "Mozilla/5.0 (iPhone; CPU iPhone OS 16_7_15 like Mac OS X) AppleWebKit/605.1.15 (KHTML, like Gecko) Version/16.6.2 Mobile/15E148 Safari/604.1" www.thepicniccompany.mx 10.53.34.228
149.19.169.74 - - [26/Aug/2026:11:15:17 -0600] "GET /wp-content/uploads/2025/12/Paralax-Servicios-Lugares.jpg HTTP/2.0" 200 247790 "https://www.thepicniccompany.mx/en/" "Mozilla/5.0 (iPhone; CPU iPhone OS 16_7_15 like Mac OS X) AppleWebKit/605.1.15 (KHTML, like Gecko) Version/16.6.2 Mobile/15E148 Safari/604.1" www.thepicniccompany.mx 10.53.34.228
149.19.169.74 - - [26/Aug/2026:11:15:18 -0600] "GET /wp-content/uploads/2025/12/Banner-Home-The-Picnic-Company_Bannner-Home-The-Picnic-Company-2-1.jpg HTTP/2.0" 200 220789 "https://www.thepicniccompany.mx/en/" "Mozilla/5.0 (iPhone; CPU iPhone OS 16_7_15 like Mac OS X) AppleWebKit/605.1.15 (KHTML, like Gecko) Version/16.6.2 Mobile/15E148 Safari/604.1" www.thepicniccompany.mx 10.53.34.228
149.19.169.74 - - [26/Aug/2026:11:15:18 -0600] "POST /wp-content/plugins/translatepress-business/add-ons-pro/automatic-language-detection/includes/trp-ald-ajax.php HTTP/2.0" 200 27 "https://www.thepicniccompany.mx/en/" "Mozilla/5.0 (iPhone; CPU iPhone OS 16_7_15 like Mac OS X) AppleWebKit/605.1.15 (KHTML, like Gecko) Version/16.6.2 Mobile/15E148 Safari/604.1" www.thepicniccompany.mx 10.53.34.228
149.19.169.74 - - [26/Aug/2026:11:15:18 -0600] "GET /wp-content/uploads/2025/12/Banner-Home-The-Picnic-Company_Bannner-Home-The-Picnic-Company-1.jpg HTTP/2.0" 200 582592 "https://www.thepicniccompany.mx/en/" "Mozilla/5.0 (iPhone; CPU iPhone OS 16_7_15 like Mac OS X) AppleWebKit/605.1.15 (KHTML, like Gecko) Version/16.6.2 Mobile/15E148 Safari/604.1" www.thepicniccompany.mx 10.53.34.228
216.234.213.221 - - [26/Aug/2026:11:15:18 -0600] "POST /xmlrpc.php HTTP/1.1" 409 83 "-" "Jetpack by WordPress.com" thepicniccompany.mx 10.53.34.228
149.19.169.74 - - [26/Aug/2026:11:15:18 -0600] "GET /wp-content/uploads/2025/08/1-consierge.mp4 HTTP/2.0" 206 2 "https://www.thepicniccompany.mx/en/" "Mozilla/5.0 (iPhone; CPU iPhone OS 16_7_15 like Mac OS X) AppleWebKit/605.1.15 (KHTML, like Gecko) Version/16.6.2 Mobile/15E148 Safari/604.1" www.thepicniccompany.mx 10.53.34.228
149.19.169.74 - - [26/Aug/2026:11:15:18 -0600] "GET /wp-content/uploads/2025/08/1-consierge.mp4 HTTP/2.0" 206 2 "https://www.thepicniccompany.mx/en/" "Mozilla/5.0 (iPhone; CPU iPhone OS 16_7_15 like Mac OS X) AppleWebKit/605.1.15 (KHTML, like Gecko) Version/16.6.2 Mobile/15E148 Safari/604.1" www.thepicniccompany.mx 10.53.34.228
149.19.169.74 - - [26/Aug/2026:11:15:18 -0600] "GET /wp-content/uploads/2025/10/WhatsApp-Video-2025-10-10-at-17.41.04-1.mp4 HTTP/2.0" 206 2 "https://www.thepicniccompany.mx/en/" "Mozilla/5.0 (iPhone; CPU iPhone OS 16_7_15 like Mac OS X) AppleWebKit/605.1.15 (KHTML, like Gecko) Version/16.6.2 Mobile/15E148 Safari/604.1" www.thepicniccompany.mx 10.53.34.228
149.19.169.74 - - [26/Aug/2026:11:15:18 -0600] "GET /wp-content/uploads/2025/08/1-consierge.mp4 HTTP/2.0" 206 91515625 "https://www.thepicniccompany.mx/en/" "Mozilla/5.0 (iPhone; CPU iPhone OS 16_7_15 like Mac OS X) AppleWebKit/605.1.15 (KHTML, like Gecko) Version/16.6.2 Mobile/15E148 Safari/604.1" www.thepicniccompany.mx 10.53.34.228
149.19.169.74 - - [26/Aug/2026:11:15:18 -0600] "GET /wp-content/uploads/2025/08/1-consierge.mp4 HTTP/2.0" 206 92905 "https://www.thepicniccompany.mx/en/" "Mozilla/5.0 (iPhone; CPU iPhone OS 16_7_15 like Mac OS X) AppleWebKit/605.1.15 (KHTML, like Gecko) Version/16.6.2 Mobile/15E148 Safari/604.1" www.thepicniccompany.mx 10.53.34.228
149.19.169.74 - - [26/Aug/2026:11:15:18 -0600] "GET /wp-content/plugins/translatepress-multilingual/assets/flags/4x3/en_US.svg HTTP/2.0" 200 648 "https://www.thepicniccompany.mx/en/" "Mozilla/5.0 (iPhone; CPU iPhone OS 16_7_15 like Mac OS X) AppleWebKit/605.1.15 (KHTML, like Gecko) Version/16.6.2 Mobile/15E148 Safari/604.1" www.thepicniccompany.mx 10.53.34.228
149.19.169.74 - - [26/Aug/2026:11:15:18 -0600] "GET /wp-content/plugins/translatepress-multilingual/assets/flags/4x3/es_MX.svg HTTP/2.0" 200 84753 "https://www.thepicniccompany.mx/en/" "Mozilla/5.0 (iPhone; CPU iPhone OS 16_7_15 like Mac OS X) AppleWebKit/605.1.15 (KHTML, like Gecko) Version/16.6.2 Mobile/15E148 Safari/604.1" www.thepicniccompany.mx 10.53.34.228
149.19.169.74 - - [26/Aug/2026:11:15:18 -0600] "GET /wp-content/uploads/2025/10/WhatsApp-Video-2025-10-10-at-17.41.04-1.mp4 HTTP/2.0" 206 2 "https://www.thepicniccompany.mx/en/" "Mozilla/5.0 (iPhone; CPU iPhone OS 16_7_15 like Mac OS X) AppleWebKit/605.1.15 (KHTML, like Gecko) Version/16.6.2 Mobile/15E148 Safari/604.1" www.thepicniccompany.mx 10.53.34.228
149.19.169.74 - - [26/Aug/2026:11:15:18 -0600] "GET /wp-content/uploads/2025/08/1-consierge.mp4 HTTP/2.0" 206 91515625 "https://www.thepicniccompany.mx/en/" "Mozilla/5.0 (iPhone; CPU iPhone OS 16_7_15 like Mac OS X) AppleWebKit/605.1.15 (KHTML, like Gecko) Version/16.6.2 Mobile/15E148 Safari/604.1" www.thepicniccompany.mx 10.53.34.228
149.19.169.74 - - [26/Aug/2026:11:15:19 -0600] "GET /wp-content/uploads/2025/08/1-consierge.mp4 HTTP/2.0" 206 92905 "https://www.thepicniccompany.mx/en/" "Mozilla/5.0 (iPhone; CPU iPhone OS 16_7_15 like Mac OS X) AppleWebKit/605.1.15 (KHTML, like Gecko) Version/16.6.2 Mobile/15E148 Safari/604.1" www.thepicniccompany.mx 10.53.34.228
149.19.169.74 - - [26/Aug/2026:11:15:18 -0600] "GET /wp-content/uploads/2025/10/WhatsApp-Video-2025-10-10-at-17.41.04-1.mp4 HTTP/2.0" 206 16094763 "https://www.thepicniccompany.mx/en/" "Mozilla/5.0 (iPhone; CPU iPhone OS 16_7_15 like Mac OS X) AppleWebKit/605.1.15 (KHTML, like Gecko) Version/16.6.2 Mobile/15E148 Safari/604.1" www.thepicniccompany.mx 10.53.34.228
34.196.51.17 - - [26/Aug/2026:11:15:19 -0600] "HEAD / HTTP/1.1" 301 - "https://www.thepicniccompany.mx/" "WPMUDEV Uptime Monitor 5.0 (https://wpmudev.com)" www.thepicniccompany.mx 10.53.34.228
149.19.169.74 - - [26/Aug/2026:11:15:19 -0600] "GET /wp-content/uploads/2025/10/WhatsApp-Video-2025-10-10-at-17.41.04-1.mp4 HTTP/2.0" 206 16094763 "https://www.thepicniccompany.mx/en/" "Mozilla/5.0 (iPhone; CPU iPhone OS 16_7_15 like Mac OS X) AppleWebKit/605.1.15 (KHTML, like Gecko) Version/16.6.2 Mobile/15E148 Safari/604.1" www.thepicniccompany.mx 10.53.34.228
149.19.169.74 - - [26/Aug/2026:11:15:20 -0600] "GET /wp-content/uploads/2025/08/Boho-Grupos.jpg HTTP/2.0" 200 290056 "https://www.thepicniccompany.mx/en/" "Mozilla/5.0 (iPhone; CPU iPhone OS 16_7_15 like Mac OS X) AppleWebKit/605.1.15 (KHTML, like Gecko) Version/16.6.2 Mobile/15E148 Safari/604.1" www.thepicniccompany.mx 10.53.34.228
34.196.51.17 - - [26/Aug/2026:11:15:20 -0600] "HEAD /en/ HTTP/1.1" 200 - "https://www.thepicniccompany.mx/" "WPMUDEV Uptime Monitor 5.0 (https://wpmudev.com)" www.thepicniccompany.mx 10.53.34.228
149.19.169.74 - - [26/Aug/2026:11:15:22 -0600] "GET /wp-content/uploads/2025/09/Corazon-rojo-Matrimonio-1.jpg HTTP/2.0" 200 225101 "https://www.thepicniccompany.mx/en/" "Mozilla/5.0 (iPhone; CPU iPhone OS 16_7_15 like Mac OS X) AppleWebKit/605.1.15 (KHTML, like Gecko) Version/16.6.2 Mobile/15E148 Safari/604.1" www.thepicniccompany.mx 10.53.34.228
149.19.169.74 - - [26/Aug/2026:11:15:23 -0600] "GET /wp-content/uploads/2025/08/Experiencias-1.jpg HTTP/2.0" 200 422824 "https://www.thepicniccompany.mx/en/" "Mozilla/5.0 (iPhone; CPU iPhone OS 16_7_15 like Mac OS X) AppleWebKit/605.1.15 (KHTML, like Gecko) Version/16.6.2 Mobile/15E148 Safari/604.1" www.thepicniccompany.mx 10.53.34.228
149.19.169.74 - - [26/Aug/2026:11:15:19 -0600] "GET /wp-content/uploads/2025/10/WhatsApp-Video-2025-10-10-at-17.41.04-1.mp4 HTTP/2.0" 206 15325138 "https://www.thepicniccompany.mx/en/" "Mozilla/5.0 (iPhone; CPU iPhone OS 16_7_15 like Mac OS X) AppleWebKit/605.1.15 (KHTML, like Gecko) Version/16.6.2 Mobile/15E148 Safari/604.1" www.thepicniccompany.mx 10.53.34.228
149.19.169.74 - - [26/Aug/2026:11:15:25 -0600] "GET /wp-content/uploads/2025/09/TEAMBUILDING.jpg HTTP/2.0" 200 215478 "https://www.thepicniccompany.mx/en/" "Mozilla/5.0 (iPhone; CPU iPhone OS 16_7_15 like Mac OS X) AppleWebKit/605.1.15 (KHTML, like Gecko) Version/16.6.2 Mobile/15E148 Safari/604.1" www.thepicniccompany.mx 10.53.34.228
17.166.21.152 - - [26/Aug/2026:11:15:26 -0600] "GET /es/mejores-casinos-de-bitcoin-con-dados/ HTTP/2.0" 404 39300 "-" "Mozilla/5.0 (Macintosh; Intel Mac OS X 10_15_7) AppleWebKit/605.1.15 (KHTML, like Gecko) Version/17.4 Safari/605.1.15 (Applebot/0.1; +http://www.apple.com/go/applebot)" www.thepicniccompany.mx 10.53.34.228
149.19.169.74 - - [26/Aug/2026:11:15:19 -0600] "GET /wp-content/uploads/2025/08/1-consierge.mp4 HTTP/2.0" 206 90685845 "https://www.thepicniccompany.mx/en/" "Mozilla/5.0 (iPhone; CPU iPhone OS 16_7_15 like Mac OS X) AppleWebKit/605.1.15 (KHTML, like Gecko) Version/16.6.2 Mobile/15E148 Safari/604.1" www.thepicniccompany.mx 10.53.34.228
149.19.169.74 - - [26/Aug/2026:11:15:27 -0600] "GET /experiences/ HTTP/2.0" 301 - "https://www.thepicniccompany.mx/en/" "Mozilla/5.0 (iPhone; CPU iPhone OS 16_7_15 like Mac OS X) AppleWebKit/605.1.15 (KHTML, like Gecko) Version/16.6.2 Mobile/15E148 Safari/604.1" www.thepicniccompany.mx 10.53.34.228
149.19.169.74 - - [26/Aug/2026:11:15:28 -0600] "GET /en/experiences/ HTTP/2.0" 200 67980 "https://www.thepicniccompany.mx/en/" "Mozilla/5.0 (iPhone; CPU iPhone OS 16_7_15 like Mac OS X) AppleWebKit/605.1.15 (KHTML, like Gecko) Version/16.6.2 Mobile/15E148 Safari/604.1" www.thepicniccompany.mx 10.53.34.228
216.234.213.221 - - [26/Aug/2026:11:15:28 -0600] "POST /xmlrpc.php HTTP/1.1" 409 83 "-" "WordPress.com; https://wordpress.com" thepicniccompany.mx 10.53.34.228
149.19.169.74 - - [26/Aug/2026:11:15:28 -0600] "GET /wp-content/cache/wpo-minify/1787204117/assets/wpo-minify-header-3ea14d8c.min.css HTTP/2.0" 200 46702 "https://www.thepicniccompany.mx/en/experiences/" "Mozilla/5.0 (iPhone; CPU iPhone OS 16_7_15 like Mac OS X) AppleWebKit/605.1.15 (KHTML, like Gecko) Version/16.6.2 Mobile/15E148 Safari/604.1" www.thepicniccompany.mx 10.53.34.228
149.19.169.74 - - [26/Aug/2026:11:15:29 -0600] "GET /wp-content/et-cache/810/et-core-unified-deferred-810.min.css?ver=1785542011 HTTP/2.0" 200 1077 "https://www.thepicniccompany.mx/en/experiences/" "Mozilla/5.0 (iPhone; CPU iPhone OS 16_7_15 like Mac OS X) AppleWebKit/605.1.15 (KHTML, like Gecko) Version/16.6.2 Mobile/15E148 Safari/604.1" www.thepicniccompany.mx 10.53.34.228
149.19.169.74 - - [26/Aug/2026:11:15:29 -0600] "GET /wp-content/cache/wpo-minify/1787204117/assets/wpo-minify-footer-d2e00ffa.min.js HTTP/2.0" 200 10490 "https://www.thepicniccompany.mx/en/experiences/" "Mozilla/5.0 (iPhone; CPU iPhone OS 16_7_15 like Mac OS X) AppleWebKit/605.1.15 (KHTML, like Gecko) Version/16.6.2 Mobile/15E148 Safari/604.1" www.thepicniccompany.mx 10.53.34.228
149.19.169.74 - - [26/Aug/2026:11:15:29 -0600] "GET /wp-content/cache/wpo-minify/1787204117/assets/wpo-minify-footer-b07526db.min.js HTTP/2.0" 200 133783 "https://www.thepicniccompany.mx/en/experiences/" "Mozilla/5.0 (iPhone; CPU iPhone OS 16_7_15 like Mac OS X) AppleWebKit/605.1.15 (KHTML, like Gecko) Version/16.6.2 Mobile/15E148 Safari/604.1" www.thepicniccompany.mx 10.53.34.228
149.19.169.74 - - [26/Aug/2026:11:15:29 -0600] "GET /wp-content/uploads/2025/12/Ford-Drive-In-Cinema.jpg HTTP/2.0" 200 194750 "https://www.thepicniccompany.mx/en/experiences/" "Mozilla/5.0 (iPhone; CPU iPhone OS 16_7_15 like Mac OS X) AppleWebKit/605.1.15 (KHTML, like Gecko) Version/16.6.2 Mobile/15E148 Safari/604.1" www.thepicniccompany.mx 10.53.34.228
149.19.169.74 - - [26/Aug/2026:11:15:29 -0600] "GET /wp-content/uploads/2025/10/Banner-8-Years.jpg HTTP/2.0" 200 1026328 "https://www.thepicniccompany.mx/en/experiences/" "Mozilla/5.0 (iPhone; CPU iPhone OS 16_7_15 like Mac OS X) AppleWebKit/605.1.15 (KHTML, like Gecko) Version/16.6.2 Mobile/15E148 Safari/604.1" www.thepicniccompany.mx 10.53.34.228
149.19.169.74 - - [26/Aug/2026:11:15:29 -0600] "GET /wp-content/uploads/2025/09/Banner-Experiences.jpg HTTP/2.0" 200 663541 "https://www.thepicniccompany.mx/en/experiences/" "Mozilla/5.0 (iPhone; CPU iPhone OS 16_7_15 like Mac OS X) AppleWebKit/605.1.15 (KHTML, like Gecko) Version/16.6.2 Mobile/15E148 Safari/604.1" www.thepicniccompany.mx 10.53.34.228
149.19.169.74 - - [26/Aug/2026:11:15:29 -0600] "GET /wp-content/uploads/2025/09/Paralax-Experiencias.jpg HTTP/2.0" 200 587321 "https://www.thepicniccompany.mx/en/experiences/" "Mozilla/5.0 (iPhone; CPU iPhone OS 16_7_15 like Mac OS X) AppleWebKit/605.1.15 (KHTML, like Gecko) Version/16.6.2 Mobile/15E148 Safari/604.1" www.thepicniccompany.mx 10.53.34.228
149.19.169.74 - - [26/Aug/2026:11:15:30 -0600] "GET /wp-content/uploads/2025/07/cropped-Isotipo-The-Picnic-Company-192x192.png HTTP/2.0" 200 3844 "https://www.thepicniccompany.mx/en/experiences/" "Mozilla/5.0 (iPhone; CPU iPhone OS 16_7_15 like Mac OS X) AppleWebKit/605.1.15 (KHTML, like Gecko) Version/16.6.2 Mobile/15E148 Safari/604.1" www.thepicniccompany.mx 10.53.34.228
149.19.169.74 - - [26/Aug/2026:11:15:30 -0600] "GET /wp-content/uploads/2025/07/cropped-Isotipo-The-Picnic-Company-32x32.png HTTP/2.0" 200 690 "https://www.thepicniccompany.mx/en/experiences/" "Mozilla/5.0 (iPhone; CPU iPhone OS 16_7_15 like Mac OS X) AppleWebKit/605.1.15 (KHTML, like Gecko) Version/16.6.2 Mobile/15E148 Safari/604.1" www.thepicniccompany.mx 10.53.34.228
149.19.169.74 - - [26/Aug/2026:11:15:32 -0600] "GET /wp-content/uploads/2025/12/Wedding-vows-2.jpg HTTP/2.0" 200 274913 "https://www.thepicniccompany.mx/en/experiences/" "Mozilla/5.0 (iPhone; CPU iPhone OS 16_7_15 like Mac OS X) AppleWebKit/605.1.15 (KHTML, like Gecko) Version/16.6.2 Mobile/15E148 Safari/604.1" www.thepicniccompany.mx 10.53.34.228
17.241.75.166 - - [26/Aug/2026:11:15:32 -0600] "GET /wp-content/cache/wpo-minify/1787204117/assets/wpo-minify-header-85d0431d.min.css HTTP/2.0" 200 56480 "https://www.thepicniccompany.mx/es/mejores-casinos-de-bitcoin-con-dados/" "Mozilla/5.0 (Macintosh; Intel Mac OS X 10_15_7) AppleWebKit/605.1.15 (KHTML, like Gecko) Version/17.4 Safari/605.1.15 (Applebot/0.1; +http://www.apple.com/go/applebot)" www.thepicniccompany.mx 10.53.34.228
17.241.75.166 - - [26/Aug/2026:11:15:33 -0600] "GET /wp-content/cache/wpo-minify/1787204117/assets/wpo-minify-header-f5b42862.min.js HTTP/2.0" 200 56794 "https://www.thepicniccompany.mx/es/mejores-casinos-de-bitcoin-con-dados/" "Mozilla/5.0 (Macintosh; Intel Mac OS X 10_15_7) AppleWebKit/605.1.15 (KHTML, like Gecko) Version/17.4 Safari/605.1.15 (Applebot/0.1; +http://www.apple.com/go/applebot)" www.thepicniccompany.mx 10.53.34.228
149.19.169.74 - - [26/Aug/2026:11:15:34 -0600] "GET /wp-content/uploads/2025/10/Portada-Custom-Events.jpg HTTP/2.0" 200 450112 "https://www.thepicniccompany.mx/en/experiences/" "Mozilla/5.0 (iPhone; CPU iPhone OS 16_7_15 like Mac OS X) AppleWebKit/605.1.15 (KHTML, like Gecko) Version/16.6.2 Mobile/15E148 Safari/604.1" www.thepicniccompany.mx 10.53.34.228
17.241.75.166 - - [26/Aug/2026:11:15:35 -0600] "GET /wp-content/cache/wpo-minify/1787204117/assets/wpo-minify-footer-d4832f7e.min.js HTTP/2.0" 200 136967 "https://www.thepicniccompany.mx/es/mejores-casinos-de-bitcoin-con-dados/" "Mozilla/5.0 (Macintosh; Intel Mac OS X 10_15_7) AppleWebKit/605.1.15 (KHTML, like Gecko) Version/17.4 Safari/605.1.15 (Applebot/0.1; +http://www.apple.com/go/applebot)" www.thepicniccompany.mx 10.53.34.228
149.19.169.74 - - [26/Aug/2026:11:15:35 -0600] "GET /wp-content/uploads/2025/10/Events4friends-Portada.jpg HTTP/2.0" 200 265939 "https://www.thepicniccompany.mx/en/experiences/" "Mozilla/5.0 (iPhone; CPU iPhone OS 16_7_15 like Mac OS X) AppleWebKit/605.1.15 (KHTML, like Gecko) Version/16.6.2 Mobile/15E148 Safari/604.1" www.thepicniccompany.mx 10.53.34.228
17.241.75.166 - - [26/Aug/2026:11:15:36 -0600] "GET /wp-includes/js/jquery/jquery.min.js?ver=3.7.1 HTTP/2.0" 200 38349 "https://www.thepicniccompany.mx/es/mejores-casinos-de-bitcoin-con-dados/" "Mozilla/5.0 (Macintosh; Intel Mac OS X 10_15_7) AppleWebKit/605.1.15 (KHTML, like Gecko) Version/17.4 Safari/605.1.15 (Applebot/0.1; +http://www.apple.com/go/applebot)" www.thepicniccompany.mx 10.53.34.228
149.19.169.74 - - [26/Aug/2026:11:15:37 -0600] "GET /wp-content/uploads/2025/11/Portada-Charity-Events-2.jpg HTTP/2.0" 200 467706 "https://www.thepicniccompany.mx/en/experiences/" "Mozilla/5.0 (iPhone; CPU iPhone OS 16_7_15 like Mac OS X) AppleWebKit/605.1.15 (KHTML, like Gecko) Version/16.6.2 Mobile/15E148 Safari/604.1" www.thepicniccompany.mx 10.53.34.228
17.241.75.166 - - [26/Aug/2026:11:15:38 -0600] "GET /wp-content/cache/wpo-minify/1787204117/assets/wpo-minify-footer-d2e00ffa.min.js HTTP/2.0" 200 10490 "https://www.thepicniccompany.mx/es/mejores-casinos-de-bitcoin-con-dados/" "Mozilla/5.0 (Macintosh; Intel Mac OS X 10_15_7) AppleWebKit/605.1.15 (KHTML, like Gecko) Version/17.4 Safari/605.1.15 (Applebot/0.1; +http://www.apple.com/go/applebot)" www.thepicniccompany.mx 10.53.34.228
149.19.169.74 - - [26/Aug/2026:11:15:39 -0600] "GET /wp-content/uploads/2025/12/BNI-Member.png HTTP/2.0" 200 8159 "https://www.thepicniccompany.mx/en/experiences/" "Mozilla/5.0 (iPhone; CPU iPhone OS 16_7_15 like Mac OS X) AppleWebKit/605.1.15 (KHTML, like Gecko) Version/16.6.2 Mobile/15E148 Safari/604.1" www.thepicniccompany.mx 10.53.34.228
216.234.213.221 - - [26/Aug/2026:11:15:39 -0600] "POST /xmlrpc.php HTTP/1.1" 409 83 "-" "Jetpack/12.0; WordPress/6.3; http://site53287401.com" thepicniccompany.mx 10.53.34.228
17.241.75.166 - - [26/Aug/2026:11:15:39 -0600] "GET /wp-content/et-cache/global/et-divi-customizer-global.min.css?ver=1785503382 HTTP/2.0" 200 2146 "https://www.thepicniccompany.mx/es/mejores-casinos-de-bitcoin-con-dados/" "Mozilla/5.0 (Macintosh; Intel Mac OS X 10_15_7) AppleWebKit/605.1.15 (KHTML, like Gecko) Version/17.4 Safari/605.1.15 (Applebot/0.1; +http://www.apple.com/go/applebot)" www.thepicniccompany.mx 10.53.34.228
17.241.75.166 - - [26/Aug/2026:11:15:41 -0600] "POST /wp-content/plugins/translatepress-multilingual/includes/trp-ajax.php HTTP/2.0" 409 83 "https://www.thepicniccompany.mx/es/mejores-casinos-de-bitcoin-con-dados/" "Mozilla/5.0 (Macintosh; Intel Mac OS X 10_15_7) AppleWebKit/605.1.15 (KHTML, like Gecko) Version/17.4 Safari/605.1.15 (Applebot/0.1; +http://www.apple.com/go/applebot)" www.thepicniccompany.mx 10.53.34.228
17.241.75.166 - - [26/Aug/2026:11:15:42 -0600] "POST /wp-content/plugins/translatepress-multilingual/includes/trp-ajax.php HTTP/2.0" 409 83 "https://www.thepicniccompany.mx/es/mejores-casinos-de-bitcoin-con-dados/" "Mozilla/5.0 (Macintosh; Intel Mac OS X 10_15_7) AppleWebKit/605.1.15 (KHTML, like Gecko) Version/17.4 Safari/605.1.15 (Applebot/0.1; +http://www.apple.com/go/applebot)" www.thepicniccompany.mx 10.53.34.228
17.241.75.166 - - [26/Aug/2026:11:15:43 -0600] "POST /wp-content/plugins/translatepress-business/add-ons-pro/automatic-language-detection/includes/trp-ald-ajax.php HTTP/2.0" 409 83 "https://www.thepicniccompany.mx/es/mejores-casinos-de-bitcoin-con-dados/" "Mozilla/5.0 (Macintosh; Intel Mac OS X 10_15_7) AppleWebKit/605.1.15 (KHTML, like Gecko) Version/17.4 Safari/605.1.15 (Applebot/0.1; +http://www.apple.com/go/applebot)" www.thepicniccompany.mx 10.53.34.228
17.241.75.166 - - [26/Aug/2026:11:15:45 -0600] "POST /wp-content/plugins/translatepress-multilingual/includes/trp-ajax.php HTTP/2.0" 409 83 "https://www.thepicniccompany.mx/es/mejores-casinos-de-bitcoin-con-dados/" "Mozilla/5.0 (Macintosh; Intel Mac OS X 10_15_7) AppleWebKit/605.1.15 (KHTML, like Gecko) Version/17.4 Safari/605.1.15 (Applebot/0.1; +http://www.apple.com/go/applebot)" www.thepicniccompany.mx 10.53.34.228
17.241.75.166 - - [26/Aug/2026:11:15:46 -0600] "POST /wp-admin/admin-ajax.php HTTP/2.0" 409 83 "https://www.thepicniccompany.mx/es/mejores-casinos-de-bitcoin-con-dados/" "Mozilla/5.0 (Macintosh; Intel Mac OS X 10_15_7) AppleWebKit/605.1.15 (KHTML, like Gecko) Version/17.4 Safari/605.1.15 (Applebot/0.1; +http://www.apple.com/go/applebot)" www.thepicniccompany.mx 10.53.34.228
149.19.169.74 - - [26/Aug/2026:11:15:44 -0600] "GET /wp-content/uploads/2025/08/1-consierge.mp4 HTTP/2.0" 206 69209004 "https://www.thepicniccompany.mx/en/" "Mozilla/5.0 (iPhone; CPU iPhone OS 16_7_15 like Mac OS X) AppleWebKit/605.1.15 (KHTML, like Gecko) Version/16.6.2 Mobile/15E148 Safari/604.1" www.thepicniccompany.mx 10.53.34.228
17.241.75.166 - - [26/Aug/2026:11:15:48 -0600] "POST /wp-content/plugins/translatepress-multilingual/includes/trp-ajax.php HTTP/2.0" 409 83 "https://www.thepicniccompany.mx/es/mejores-casinos-de-bitcoin-con-dados/" "Mozilla/5.0 (Macintosh; Intel Mac OS X 10_15_7) AppleWebKit/605.1.15 (KHTML, like Gecko) Version/17.4 Safari/605.1.15 (Applebot/0.1; +http://www.apple.com/go/applebot)" www.thepicniccompany.mx 10.53.34.228
17.241.75.166 - - [26/Aug/2026:11:15:49 -0600] "POST /wp-admin/admin-ajax.php HTTP/2.0" 409 83 "https://www.thepicniccompany.mx/es/mejores-casinos-de-bitcoin-con-dados/" "Mozilla/5.0 (Macintosh; Intel Mac OS X 10_15_7) AppleWebKit/605.1.15 (KHTML, like Gecko) Version/17.4 Safari/605.1.15 (Applebot/0.1; +http://www.apple.com/go/applebot)" www.thepicniccompany.mx 10.53.34.228
216.234.213.221 - - [26/Aug/2026:11:15:49 -0600] "POST /xmlrpc.php HTTP/1.1" 409 83 "-" "Jetpack by WordPress.com (Jetpack 12.1; WordPress 6.1)" thepicniccompany.mx 10.53.34.228
17.241.75.166 - - [26/Aug/2026:11:15:50 -0600] "POST /wp-admin/admin-ajax.php HTTP/2.0" 409 83 "https://www.thepicniccompany.mx/es/mejores-casinos-de-bitcoin-con-dados/" "Mozilla/5.0 (Macintosh; Intel Mac OS X 10_15_7) AppleWebKit/605.1.15 (KHTML, like Gecko) Version/17.4 Safari/605.1.15 (Applebot/0.1; +http://www.apple.com/go/applebot)" www.thepicniccompany.mx 10.53.34.228
17.241.75.166 - - [26/Aug/2026:11:15:52 -0600] "POST /wp-admin/admin-ajax.php HTTP/2.0" 409 83 "https://www.thepicniccompany.mx/es/mejores-casinos-de-bitcoin-con-dados/" "Mozilla/5.0 (Macintosh; Intel Mac OS X 10_15_7) AppleWebKit/605.1.15 (KHTML, like Gecko) Version/17.4 Safari/605.1.15 (Applebot/0.1; +http://www.apple.com/go/applebot)" www.thepicniccompany.mx 10.53.34.228
216.234.213.221 - - [26/Aug/2026:11:16:00 -0600] "POST /xmlrpc.php HTTP/1.1" 409 83 "-" "Jetpack by WordPress.com (Jetpack 12.5; WordPress 6.2)" thepicniccompany.mx 10.53.34.228
149.19.169.74 - - [26/Aug/2026:11:16:04 -0600] "GET /luxury-picnics/ HTTP/2.0" 301 - "https://www.thepicniccompany.mx/en/" "Mozilla/5.0 (iPhone; CPU iPhone OS 16_7_15 like Mac OS X) AppleWebKit/605.1.15 (KHTML, like Gecko) Version/16.6.2 Mobile/15E148 Safari/604.1" www.thepicniccompany.mx 10.53.34.228
149.19.169.74 - - [26/Aug/2026:11:16:04 -0600] "GET /en/luxury-picnics/ HTTP/2.0" 200 65485 "https://www.thepicniccompany.mx/en/" "Mozilla/5.0 (iPhone; CPU iPhone OS 16_7_15 like Mac OS X) AppleWebKit/605.1.15 (KHTML, like Gecko) Version/16.6.2 Mobile/15E148 Safari/604.1" www.thepicniccompany.mx 10.53.34.228
149.19.169.74 - - [26/Aug/2026:11:16:05 -0600] "GET /wp-content/et-cache/281/et-core-unified-deferred-281.min.css?ver=1785510124 HTTP/2.0" 200 1085 "https://www.thepicniccompany.mx/en/luxury-picnics/" "Mozilla/5.0 (iPhone; CPU iPhone OS 16_7_15 like Mac OS X) AppleWebKit/605.1.15 (KHTML, like Gecko) Version/16.6.2 Mobile/15E148 Safari/604.1" www.thepicniccompany.mx 10.53.34.228
149.19.169.74 - - [26/Aug/2026:11:16:05 -0600] "GET /wp-content/uploads/2025/08/Picnic-Clasic-Tradicional.jpg HTTP/2.0" 200 276423 "https://www.thepicniccompany.mx/en/luxury-picnics/" "Mozilla/5.0 (iPhone; CPU iPhone OS 16_7_15 like Mac OS X) AppleWebKit/605.1.15 (KHTML, like Gecko) Version/16.6.2 Mobile/15E148 Safari/604.1" www.thepicniccompany.mx 10.53.34.228
149.19.169.74 - - [26/Aug/2026:11:16:05 -0600] "GET /wp-content/uploads/2025/08/Banner-Boho-Picnic.jpg HTTP/2.0" 200 677224 "https://www.thepicniccompany.mx/en/luxury-picnics/" "Mozilla/5.0 (iPhone; CPU iPhone OS 16_7_15 like Mac OS X) AppleWebKit/605.1.15 (KHTML, like Gecko) Version/16.6.2 Mobile/15E148 Safari/604.1" www.thepicniccompany.mx 10.53.34.228
149.19.169.74 - - [26/Aug/2026:11:16:06 -0600] "GET /wp-content/uploads/2025/08/Paralax-Picnic-Tradicional.jpg HTTP/2.0" 200 501351 "https://www.thepicniccompany.mx/en/luxury-picnics/" "Mozilla/5.0 (iPhone; CPU iPhone OS 16_7_15 like Mac OS X) AppleWebKit/605.1.15 (KHTML, like Gecko) Version/16.6.2 Mobile/15E148 Safari/604.1" www.thepicniccompany.mx 10.53.34.228
149.19.169.74 - - [26/Aug/2026:11:16:08 -0600] "GET /wp-content/uploads/2025/09/Caratula-Linea-Plata.jpg HTTP/2.0" 200 291739 "https://www.thepicniccompany.mx/en/luxury-picnics/" "Mozilla/5.0 (iPhone; CPU iPhone OS 16_7_15 like Mac OS X) AppleWebKit/605.1.15 (KHTML, like Gecko) Version/16.6.2 Mobile/15E148 Safari/604.1" www.thepicniccompany.mx 10.53.34.228
149.19.169.74 - - [26/Aug/2026:11:16:10 -0600] "GET /the-bronze-classic-picnic/ HTTP/2.0" 301 - "https://www.thepicniccompany.mx/en/luxury-picnics/" "Mozilla/5.0 (iPhone; CPU iPhone OS 16_7_15 like Mac OS X) AppleWebKit/605.1.15 (KHTML, like Gecko) Version/16.6.2 Mobile/15E148 Safari/604.1" www.thepicniccompany.mx 10.53.34.228
216.234.213.221 - - [26/Aug/2026:11:16:11 -0600] "POST /xmlrpc.php HTTP/1.1" 409 83 "-" "Jetpack by WordPress.com" thepicniccompany.mx 10.53.34.228
149.19.169.74 - - [26/Aug/2026:11:16:11 -0600] "GET /en/the-bronze-classic-picnic/ HTTP/2.0" 200 83500 "https://www.thepicniccompany.mx/en/luxury-picnics/" "Mozilla/5.0 (iPhone; CPU iPhone OS 16_7_15 like Mac OS X) AppleWebKit/605.1.15 (KHTML, like Gecko) Version/16.6.2 Mobile/15E148 Safari/604.1" www.thepicniccompany.mx 10.53.34.228
149.19.169.74 - - [26/Aug/2026:11:16:12 -0600] "GET /wp-content/cache/wpo-minify/1787204117/assets/wpo-minify-header-4a644e05.min.css HTTP/2.0" 200 45864 "https://www.thepicniccompany.mx/en/the-bronze-classic-picnic/" "Mozilla/5.0 (iPhone; CPU iPhone OS 16_7_15 like Mac OS X) AppleWebKit/605.1.15 (KHTML, like Gecko) Version/16.6.2 Mobile/15E148 Safari/604.1" www.thepicniccompany.mx 10.53.34.228
149.19.169.74 - - [26/Aug/2026:11:16:12 -0600] "GET /wp-content/et-cache/8538/et-core-unified-deferred-8538.min.css?ver=1785564006 HTTP/2.0" 200 983 "https://www.thepicniccompany.mx/en/the-bronze-classic-picnic/" "Mozilla/5.0 (iPhone; CPU iPhone OS 16_7_15 like Mac OS X) AppleWebKit/605.1.15 (KHTML, like Gecko) Version/16.6.2 Mobile/15E148 Safari/604.1" www.thepicniccompany.mx 10.53.34.228
149.19.169.74 - - [26/Aug/2026:11:16:12 -0600] "GET /wp-content/cache/wpo-minify/1787204117/assets/wpo-minify-footer-d8e60f70.min.css HTTP/2.0" 200 841 "https://www.thepicniccompany.mx/en/the-bronze-classic-picnic/" "Mozilla/5.0 (iPhone; CPU iPhone OS 16_7_15 like Mac OS X) AppleWebKit/605.1.15 (KHTML, like Gecko) Version/16.6.2 Mobile/15E148 Safari/604.1" www.thepicniccompany.mx 10.53.34.228
149.19.169.74 - - [26/Aug/2026:11:16:12 -0600] "GET /wp-content/cache/wpo-minify/1787204117/assets/wpo-minify-footer-d7570f6a.min.css HTTP/2.0" 200 4271 "https://www.thepicniccompany.mx/en/the-bronze-classic-picnic/" "Mozilla/5.0 (iPhone; CPU iPhone OS 16_7_15 like Mac OS X) AppleWebKit/605.1.15 (KHTML, like Gecko) Version/16.6.2 Mobile/15E148 Safari/604.1" www.thepicniccompany.mx 10.53.34.228
149.19.169.74 - - [26/Aug/2026:11:16:12 -0600] "GET /wp-content/cache/wpo-minify/1787204117/assets/wpo-minify-footer-62732401.min.js HTTP/2.0" 200 48727 "https://www.thepicniccompany.mx/en/the-bronze-classic-picnic/" "Mozilla/5.0 (iPhone; CPU iPhone OS 16_7_15 like Mac OS X) AppleWebKit/605.1.15 (KHTML, like Gecko) Version/16.6.2 Mobile/15E148 Safari/604.1" www.thepicniccompany.mx 10.53.34.228
149.19.169.74 - - [26/Aug/2026:11:16:12 -0600] "GET /wp-content/cache/wpo-minify/1787204117/assets/wpo-minify-footer-d1d534eb.min.js HTTP/2.0" 200 146464 "https://www.thepicniccompany.mx/en/the-bronze-classic-picnic/" "Mozilla/5.0 (iPhone; CPU iPhone OS 16_7_15 like Mac OS X) AppleWebKit/605.1.15 (KHTML, like Gecko) Version/16.6.2 Mobile/15E148 Safari/604.1" www.thepicniccompany.mx 10.53.34.228
149.19.169.74 - - [26/Aug/2026:11:16:12 -0600] "GET /wp-content/uploads/2025/10/Bronze-3.jpg HTTP/2.0" 200 159791 "https://www.thepicniccompany.mx/en/the-bronze-classic-picnic/" "Mozilla/5.0 (iPhone; CPU iPhone OS 16_7_15 like Mac OS X) AppleWebKit/605.1.15 (KHTML, like Gecko) Version/16.6.2 Mobile/15E148 Safari/604.1" www.thepicniccompany.mx 10.53.34.228
149.19.169.74 - - [26/Aug/2026:11:16:12 -0600] "GET /wp-content/uploads/2025/08/Experiencia-Picnic-Tradicional-1.jpg HTTP/2.0" 200 542500 "https://www.thepicniccompany.mx/en/the-bronze-classic-picnic/" "Mozilla/5.0 (iPhone; CPU iPhone OS 16_7_15 like Mac OS X) AppleWebKit/605.1.15 (KHTML, like Gecko) Version/16.6.2 Mobile/15E148 Safari/604.1" www.thepicniccompany.mx 10.53.34.228
149.19.169.74 - - [26/Aug/2026:11:16:12 -0600] "GET /wp-content/uploads/2025/10/Bronze-4.jpg HTTP/2.0" 200 493496 "https://www.thepicniccompany.mx/en/the-bronze-classic-picnic/" "Mozilla/5.0 (iPhone; CPU iPhone OS 16_7_15 like Mac OS X) AppleWebKit/605.1.15 (KHTML, like Gecko) Version/16.6.2 Mobile/15E148 Safari/604.1" www.thepicniccompany.mx 10.53.34.228
149.19.169.74 - - [26/Aug/2026:11:16:12 -0600] "GET /en/the-bronze-classic-picnic/undefined/assets/css/dmg-gallery.css HTTP/2.0" 404 37346 "https://www.thepicniccompany.mx/en/the-bronze-classic-picnic/" "Mozilla/5.0 (iPhone; CPU iPhone OS 16_7_15 like Mac OS X) AppleWebKit/605.1.15 (KHTML, like Gecko) Version/16.6.2 Mobile/15E148 Safari/604.1" www.thepicniccompany.mx 10.53.34.228
149.19.169.74 - - [26/Aug/2026:11:16:14 -0600] "GET /wp-content/uploads/2025/10/Bronze-9.jpg HTTP/2.0" 200 261213 "https://www.thepicniccompany.mx/en/the-bronze-classic-picnic/" "Mozilla/5.0 (iPhone; CPU iPhone OS 16_7_15 like Mac OS X) AppleWebKit/605.1.15 (KHTML, like Gecko) Version/16.6.2 Mobile/15E148 Safari/604.1" www.thepicniccompany.mx 10.53.34.228
149.19.169.74 - - [26/Aug/2026:11:16:16 -0600] "GET /wp-content/uploads/2025/11/Bronze-Beige-1-100.jpg HTTP/2.0" 200 119843 "https://www.thepicniccompany.mx/en/the-bronze-classic-picnic/" "Mozilla/5.0 (iPhone; CPU iPhone OS 16_7_15 like Mac OS X) AppleWebKit/605.1.15 (KHTML, like Gecko) Version/16.6.2 Mobile/15E148 Safari/604.1" www.thepicniccompany.mx 10.53.34.228
149.19.169.74 - - [26/Aug/2026:11:16:18 -0600] "GET /wp-content/uploads/2025/11/Bronze-Beige-2-100.jpg HTTP/2.0" 200 122497 "https://www.thepicniccompany.mx/en/the-bronze-classic-picnic/" "Mozilla/5.0 (iPhone; CPU iPhone OS 16_7_15 like Mac OS X) AppleWebKit/605.1.15 (KHTML, like Gecko) Version/16.6.2 Mobile/15E148 Safari/604.1" www.thepicniccompany.mx 10.53.34.228
149.19.169.74 - - [26/Aug/2026:11:16:19 -0600] "GET /wp-content/uploads/2025/10/Bronze-12.jpg HTTP/2.0" 200 293375 "https://www.thepicniccompany.mx/en/the-bronze-classic-picnic/" "Mozilla/5.0 (iPhone; CPU iPhone OS 16_7_15 like Mac OS X) AppleWebKit/605.1.15 (KHTML, like Gecko) Version/16.6.2 Mobile/15E148 Safari/604.1" www.thepicniccompany.mx 10.53.34.228
149.19.169.74 - - [26/Aug/2026:11:16:21 -0600] "GET /wp-content/uploads/2025/10/Bronze-1.jpg HTTP/2.0" 200 192846 "https://www.thepicniccompany.mx/en/the-bronze-classic-picnic/" "Mozilla/5.0 (iPhone; CPU iPhone OS 16_7_15 like Mac OS X) AppleWebKit/605.1.15 (KHTML, like Gecko) Version/16.6.2 Mobile/15E148 Safari/604.1" www.thepicniccompany.mx 10.53.34.228
149.19.169.74 - - [26/Aug/2026:11:16:21 -0600] "GET /wp-content/uploads/2025/10/Bronze-2.jpg HTTP/2.0" 200 153283 "https://www.thepicniccompany.mx/en/the-bronze-classic-picnic/" "Mozilla/5.0 (iPhone; CPU iPhone OS 16_7_15 like Mac OS X) AppleWebKit/605.1.15 (KHTML, like Gecko) Version/16.6.2 Mobile/15E148 Safari/604.1" www.thepicniccompany.mx 10.53.34.228
149.19.169.74 - - [26/Aug/2026:11:16:21 -0600] "GET /wp-content/uploads/2025/10/Bronze-10.jpg HTTP/2.0" 200 319777 "https://www.thepicniccompany.mx/en/the-bronze-classic-picnic/" "Mozilla/5.0 (iPhone; CPU iPhone OS 16_7_15 like Mac OS X) AppleWebKit/605.1.15 (KHTML, like Gecko) Version/16.6.2 Mobile/15E148 Safari/604.1" www.thepicniccompany.mx 10.53.34.228
149.19.169.74 - - [26/Aug/2026:11:16:21 -0600] "GET /wp-content/uploads/2025/10/Bronze-5.jpg HTTP/2.0" 200 136488 "https://www.thepicniccompany.mx/en/the-bronze-classic-picnic/" "Mozilla/5.0 (iPhone; CPU iPhone OS 16_7_15 like Mac OS X) AppleWebKit/605.1.15 (KHTML, like Gecko) Version/16.6.2 Mobile/15E148 Safari/604.1" www.thepicniccompany.mx 10.53.34.228
149.19.169.74 - - [26/Aug/2026:11:16:21 -0600] "GET /wp-content/uploads/2025/10/Bronze-4-980x544.jpg HTTP/2.0" 200 105705 "https://www.thepicniccompany.mx/en/the-bronze-classic-picnic/" "Mozilla/5.0 (iPhone; CPU iPhone OS 16_7_15 like Mac OS X) AppleWebKit/605.1.15 (KHTML, like Gecko) Version/16.6.2 Mobile/15E148 Safari/604.1" www.thepicniccompany.mx 10.53.34.228
149.19.169.74 - - [26/Aug/2026:11:16:21 -0600] "GET /wp-content/uploads/2025/11/Bronze-Azul-1-100.jpg HTTP/2.0" 200 121750 "https://www.thepicniccompany.mx/en/the-bronze-classic-picnic/" "Mozilla/5.0 (iPhone; CPU iPhone OS 16_7_15 like Mac OS X) AppleWebKit/605.1.15 (KHTML, like Gecko) Version/16.6.2 Mobile/15E148 Safari/604.1" www.thepicniccompany.mx 10.53.34.228
149.19.169.74 - - [26/Aug/2026:11:16:21 -0600] "GET /wp-content/uploads/2025/11/Bronze-Azul-3-100.jpg HTTP/2.0" 200 128676 "https://www.thepicniccompany.mx/en/the-bronze-classic-picnic/" "Mozilla/5.0 (iPhone; CPU iPhone OS 16_7_15 like Mac OS X) AppleWebKit/605.1.15 (KHTML, like Gecko) Version/16.6.2 Mobile/15E148 Safari/604.1" www.thepicniccompany.mx 10.53.34.228
149.19.169.74 - - [26/Aug/2026:11:16:21 -0600] "GET /wp-content/uploads/2025/10/Bronze-7.jpg HTTP/2.0" 200 416114 "https://www.thepicniccompany.mx/en/the-bronze-classic-picnic/" "Mozilla/5.0 (iPhone; CPU iPhone OS 16_7_15 like Mac OS X) AppleWebKit/605.1.15 (KHTML, like Gecko) Version/16.6.2 Mobile/15E148 Safari/604.1" www.thepicniccompany.mx 10.53.34.228
149.19.169.74 - - [26/Aug/2026:11:16:21 -0600] "GET /wp-content/uploads/2025/10/Bronze-6.jpg HTTP/2.0" 200 252528 "https://www.thepicniccompany.mx/en/the-bronze-classic-picnic/" "Mozilla/5.0 (iPhone; CPU iPhone OS 16_7_15 like Mac OS X) AppleWebKit/605.1.15 (KHTML, like Gecko) Version/16.6.2 Mobile/15E148 Safari/604.1" www.thepicniccompany.mx 10.53.34.228
149.19.169.74 - - [26/Aug/2026:11:16:21 -0600] "GET /wp-content/uploads/2025/11/Bronze-Beige-3-100.jpg HTTP/2.0" 200 130771 "https://www.thepicniccompany.mx/en/the-bronze-classic-picnic/" "Mozilla/5.0 (iPhone; CPU iPhone OS 16_7_15 like Mac OS X) AppleWebKit/605.1.15 (KHTML, like Gecko) Version/16.6.2 Mobile/15E148 Safari/604.1" www.thepicniccompany.mx 10.53.34.228
149.19.169.74 - - [26/Aug/2026:11:16:21 -0600] "GET /wp-content/uploads/2025/10/Bronze-8.jpg HTTP/2.0" 200 248591 "https://www.thepicniccompany.mx/en/the-bronze-classic-picnic/" "Mozilla/5.0 (iPhone; CPU iPhone OS 16_7_15 like Mac OS X) AppleWebKit/605.1.15 (KHTML, like Gecko) Version/16.6.2 Mobile/15E148 Safari/604.1" www.thepicniccompany.mx 10.53.34.228
149.19.169.74 - - [26/Aug/2026:11:16:21 -0600] "GET /wp-content/uploads/2025/10/Bronze-11.jpg HTTP/2.0" 200 265304 "https://www.thepicniccompany.mx/en/the-bronze-classic-picnic/" "Mozilla/5.0 (iPhone; CPU iPhone OS 16_7_15 like Mac OS X) AppleWebKit/605.1.15 (KHTML, like Gecko) Version/16.6.2 Mobile/15E148 Safari/604.1" www.thepicniccompany.mx 10.53.34.228
216.234.213.221 - - [26/Aug/2026:11:16:21 -0600] "POST /xmlrpc.php HTTP/1.1" 409 83 "-" "WordPress.com; https://wordpress.com" thepicniccompany.mx 10.53.34.228
216.234.213.221 - - [26/Aug/2026:11:16:33 -0600] "POST /xmlrpc.php HTTP/1.1" 409 83 "-" "Jetpack by WordPress.com (Jetpack 12.0; WordPress 6.2)" thepicniccompany.mx 10.53.34.228
192.42.116.49 - - [26/Aug/2026:11:16:39 -0600] "GET / HTTP/2.0" 301 - "thepicniccompany.com.mx" "Mozilla/5.0 (Linux; Android 8.1.0; P410 Build/OPM2.171019.012; wv) AppleWebKit/537.36 (KHTML, like Gecko) Version/4.0 Chrome/81.0.4044.117 YaBrowser/19.6.0.158 (lite) Safari/537.36" www.thepicniccompany.mx 10.53.34.228
216.234.213.221 - - [26/Aug/2026:11:16:43 -0600] "POST /xmlrpc.php HTTP/1.1" 409 83 "-" "Jetpack by WordPress.com (Jetpack 12.5; WordPress 6.4)" thepicniccompany.mx 10.53.34.228
100.59.187.201 - - [26/Aug/2026:11:16:43 -0600] "GET / HTTP/1.1" 301 - "-" "Mozilla/5.0 (Linux; U; Android 2.0.1; de-de; Milestone Build/SHOLS_U2_01.14.0) AppleWebKit/530.17 (KHTML, like Gecko) Version/4.0 Mobile Safari/530.17" www.thepicniccompany.mx 10.53.34.228
100.59.187.201 - - [26/Aug/2026:11:16:44 -0600] "GET /en/ HTTP/1.1" 200 75492 "-" "Mozilla/5.0 (X11; U; Linux x86_64; en-US; rv:1.9.1.13) Gecko/20100916 Iceape/2.0.8" www.thepicniccompany.mx 10.53.34.228
192.42.116.49 - - [26/Aug/2026:11:16:40 -0600] "GET /en/ HTTP/2.0" 200 369367 "thepicniccompany.com.mx" "Mozilla/5.0 (Linux; Android 8.1.0; P410 Build/OPM2.171019.012; wv) AppleWebKit/537.36 (KHTML, like Gecko) Version/4.0 Chrome/81.0.4044.117 YaBrowser/19.6.0.158 (lite) Safari/537.36" www.thepicniccompany.mx 10.53.34.228
57.141.14.28 - - [26/Aug/2026:11:16:56 -0600] "GET /en/casino-regulado-en-m%C3%A9xico/ HTTP/2.0" 200 58355 "-" "Mozilla/5.0 (Windows NT 10.0; Win64; x64) AppleWebKit/537.36 (KHTML, like Gecko) Chrome/145.0.0.0 Safari/537.36 (compatible; meta-externalagent/1.1 (+https://developers.facebook.com/docs/sharing/webmasters/crawler))" www.thepicniccompany.mx 10.53.34.228
34.196.51.17 - - [26/Aug/2026:11:17:15 -0600] "HEAD / HTTP/1.1" 301 - "https://www.thepicniccompany.mx/" "WPMUDEV Uptime Monitor 5.0 (https://wpmudev.com)" www.thepicniccompany.mx 10.53.34.228
34.196.51.17 - - [26/Aug/2026:11:17:17 -0600] "HEAD /en/ HTTP/1.1" 200 - "https://www.thepicniccompany.mx/" "WPMUDEV Uptime Monitor 5.0 (https://wpmudev.com)" www.thepicniccompany.mx 10.53.34.228
152.163.113.91 - - [26/Aug/2026:11:17:20 -0600] "GET /robots.txt HTTP/1.1" 200 176 "-" "Mozilla/5.0 (compatible; ExaSearchBot/1.0; +https://crawler.exa.ai/)" www.thepicniccompany.mx 10.53.34.228
185.220.101.154 - - [26/Aug/2026:11:17:26 -0600] "GET / HTTP/2.0" 301 - "https://www.thepicniccompany.mx" "Mozilla/5.0 (Linux; Android 8.1.0; P410 Build/OPM2.171019.012; wv) AppleWebKit/537.36 (KHTML, like Gecko) Version/4.0 Chrome/81.0.4044.117 YaBrowser/19.6.0.158 (lite) Safari/537.36" www.thepicniccompany.mx 10.53.34.228
185.220.101.154 - - [26/Aug/2026:11:17:29 -0600] "GET /en/ HTTP/2.0" 200 369367 "https://www.thepicniccompany.mx" "Mozilla/5.0 (Linux; Android 8.1.0; P410 Build/OPM2.171019.012; wv) AppleWebKit/537.36 (KHTML, like Gecko) Version/4.0 Chrome/81.0.4044.117 YaBrowser/19.6.0.158 (lite) Safari/537.36" www.thepicniccompany.mx 10.53.34.228
204.8.96.158 - - [26/Aug/2026:11:17:44 -0600] "GET /about-us HTTP/2.0" 301 - "https://www.thepicniccompany.mx/about-us" "Mozilla/5.0 (Linux; Android 8.1.0; P410 Build/OPM2.171019.012; wv) AppleWebKit/537.36 (KHTML, like Gecko) Version/4.0 Chrome/81.0.4044.117 YaBrowser/19.6.0.158 (lite) Safari/537.36" www.thepicniccompany.mx 10.53.34.228
204.8.96.158 - - [26/Aug/2026:11:17:45 -0600] "GET /about-us/ HTTP/2.0" 301 - "https://www.thepicniccompany.mx/about-us" "Mozilla/5.0 (Linux; Android 8.1.0; P410 Build/OPM2.171019.012; wv) AppleWebKit/537.36 (KHTML, like Gecko) Version/4.0 Chrome/81.0.4044.117 YaBrowser/19.6.0.158 (lite) Safari/537.36" www.thepicniccompany.mx 10.53.34.228
204.8.96.158 - - [26/Aug/2026:11:17:46 -0600] "GET /en/about-us/ HTTP/2.0" 200 344583 "https://www.thepicniccompany.mx/about-us" "Mozilla/5.0 (Linux; Android 8.1.0; P410 Build/OPM2.171019.012; wv) AppleWebKit/537.36 (KHTML, like Gecko) Version/4.0 Chrome/81.0.4044.117 YaBrowser/19.6.0.158 (lite) Safari/537.36" www.thepicniccompany.mx 10.53.34.228
192.42.116.107 - - [26/Aug/2026:11:18:00 -0600] "GET /add-ons HTTP/2.0" 301 - "https://www.thepicniccompany.mx/add-ons" "Mozilla/5.0 (Linux; Android 8.1.0; P410 Build/OPM2.171019.012; wv) AppleWebKit/537.36 (KHTML, like Gecko) Version/4.0 Chrome/81.0.4044.117 YaBrowser/19.6.0.158 (lite) Safari/537.36" www.thepicniccompany.mx 10.53.34.228
192.42.116.107 - - [26/Aug/2026:11:18:04 -0600] "GET /add-ons/ HTTP/2.0" 301 - "https://www.thepicniccompany.mx/add-ons" "Mozilla/5.0 (Linux; Android 8.1.0; P410 Build/OPM2.171019.012; wv) AppleWebKit/537.36 (KHTML, like Gecko) Version/4.0 Chrome/81.0.4044.117 YaBrowser/19.6.0.158 (lite) Safari/537.36" www.thepicniccompany.mx 10.53.34.228
192.42.116.107 - - [26/Aug/2026:11:18:07 -0600] "GET /en/add-ons/ HTTP/2.0" 200 337384 "https://www.thepicniccompany.mx/add-ons" "Mozilla/5.0 (Linux; Android 8.1.0; P410 Build/OPM2.171019.012; wv) AppleWebKit/537.36 (KHTML, like Gecko) Version/4.0 Chrome/81.0.4044.117 YaBrowser/19.6.0.158 (lite) Safari/537.36" www.thepicniccompany.mx 10.53.34.228
45.84.107.54 - - [26/Aug/2026:11:18:20 -0600] "GET /charity-events HTTP/2.0" 301 - "https://www.thepicniccompany.mx/charity-events" "Mozilla/5.0 (Linux; Android 8.1.0; P410 Build/OPM2.171019.012; wv) AppleWebKit/537.36 (KHTML, like Gecko) Version/4.0 Chrome/81.0.4044.117 YaBrowser/19.6.0.158 (lite) Safari/537.36" www.thepicniccompany.mx 10.53.34.228
45.84.107.54 - - [26/Aug/2026:11:18:22 -0600] "GET /charity-events/ HTTP/2.0" 301 - "https://www.thepicniccompany.mx/charity-events" "Mozilla/5.0 (Linux; Android 8.1.0; P410 Build/OPM2.171019.012; wv) AppleWebKit/537.36 (KHTML, like Gecko) Version/4.0 Chrome/81.0.4044.117 YaBrowser/19.6.0.158 (lite) Safari/537.36" www.thepicniccompany.mx 10.53.34.228
45.84.107.54 - - [26/Aug/2026:11:18:24 -0600] "GET /en/charity-events/ HTTP/2.0" 200 337962 "https://www.thepicniccompany.mx/charity-events" "Mozilla/5.0 (Linux; Android 8.1.0; P410 Build/OPM2.171019.012; wv) AppleWebKit/537.36 (KHTML, like Gecko) Version/4.0 Chrome/81.0.4044.117 YaBrowser/19.6.0.158 (lite) Safari/537.36" www.thepicniccompany.mx 10.53.34.228
45.84.107.172 - - [26/Aug/2026:11:18:38 -0600] "GET /contact HTTP/2.0" 301 - "https://www.thepicniccompany.mx/contact" "Mozilla/5.0 (Linux; Android 8.1.0; P410 Build/OPM2.171019.012; wv) AppleWebKit/537.36 (KHTML, like Gecko) Version/4.0 Chrome/81.0.4044.117 YaBrowser/19.6.0.158 (lite) Safari/537.36" www.thepicniccompany.mx 10.53.34.228
192.42.116.13 - - [26/Aug/2026:11:18:48 -0600] "GET /corporate-events HTTP/2.0" 301 - "https://www.thepicniccompany.mx/corporate-events" "Mozilla/5.0 (Linux; Android 8.1.0; P410 Build/OPM2.171019.012; wv) AppleWebKit/537.36 (KHTML, like Gecko) Version/4.0 Chrome/81.0.4044.117 YaBrowser/19.6.0.158 (lite) Safari/537.36" www.thepicniccompany.mx 10.53.34.228
192.42.116.13 - - [26/Aug/2026:11:18:48 -0600] "GET /corporate-events/ HTTP/2.0" 301 - "https://www.thepicniccompany.mx/corporate-events" "Mozilla/5.0 (Linux; Android 8.1.0; P410 Build/OPM2.171019.012; wv) AppleWebKit/537.36 (KHTML, like Gecko) Version/4.0 Chrome/81.0.4044.117 YaBrowser/19.6.0.158 (lite) Safari/537.36" www.thepicniccompany.mx 10.53.34.228
192.42.116.13 - - [26/Aug/2026:11:18:49 -0600] "GET /en/corporate-events/ HTTP/2.0" 200 326858 "https://www.thepicniccompany.mx/corporate-events" "Mozilla/5.0 (Linux; Android 8.1.0; P410 Build/OPM2.171019.012; wv) AppleWebKit/537.36 (KHTML, like Gecko) Version/4.0 Chrome/81.0.4044.117 YaBrowser/19.6.0.158 (lite) Safari/537.36" www.thepicniccompany.mx 10.53.34.228
171.25.193.36 - - [26/Aug/2026:11:18:52 -0600] "GET /en HTTP/2.0" 301 - "https://www.thepicniccompany.mx/en" "Mozilla/5.0 (Linux; Android 8.1.0; P410 Build/OPM2.171019.012; wv) AppleWebKit/537.36 (KHTML, like Gecko) Version/4.0 Chrome/81.0.4044.117 YaBrowser/19.6.0.158 (lite) Safari/537.36" www.thepicniccompany.mx 10.53.34.228
171.25.193.36 - - [26/Aug/2026:11:18:53 -0600] "GET /en/ HTTP/2.0" 200 369367 "https://www.thepicniccompany.mx/en" "Mozilla/5.0 (Linux; Android 8.1.0; P410 Build/OPM2.171019.012; wv) AppleWebKit/537.36 (KHTML, like Gecko) Version/4.0 Chrome/81.0.4044.117 YaBrowser/19.6.0.158 (lite) Safari/537.36" www.thepicniccompany.mx 10.53.34.228
171.25.193.36 - - [26/Aug/2026:11:18:56 -0600] "GET /en/charity-events HTTP/2.0" 301 - "https://www.thepicniccompany.mx/en/charity-events" "Mozilla/5.0 (Linux; Android 8.1.0; P410 Build/OPM2.171019.012; wv) AppleWebKit/537.36 (KHTML, like Gecko) Version/4.0 Chrome/81.0.4044.117 YaBrowser/19.6.0.158 (lite) Safari/537.36" www.thepicniccompany.mx 10.53.34.228
171.25.193.36 - - [26/Aug/2026:11:18:57 -0600] "GET /en/charity-events/ HTTP/2.0" 200 337962 "https://www.thepicniccompany.mx/en/charity-events" "Mozilla/5.0 (Linux; Android 8.1.0; P410 Build/OPM2.171019.012; wv) AppleWebKit/537.36 (KHTML, like Gecko) Version/4.0 Chrome/81.0.4044.117 YaBrowser/19.6.0.158 (lite) Safari/537.36" www.thepicniccompany.mx 10.53.34.228
171.25.193.40 - - [26/Aug/2026:11:19:04 -0600] "GET /en/comments/feed HTTP/2.0" 301 - "https://www.thepicniccompany.mx/en/comments/feed" "Mozilla/5.0 (Linux; Android 8.1.0; P410 Build/OPM2.171019.012; wv) AppleWebKit/537.36 (KHTML, like Gecko) Version/4.0 Chrome/81.0.4044.117 YaBrowser/19.6.0.158 (lite) Safari/537.36" www.thepicniccompany.mx 10.53.34.228
171.25.193.40 - - [26/Aug/2026:11:19:07 -0600] "GET /en/comments/feed/ HTTP/2.0" 200 799 "https://www.thepicniccompany.mx/en/comments/feed" "Mozilla/5.0 (Linux; Android 8.1.0; P410 Build/OPM2.171019.012; wv) AppleWebKit/537.36 (KHTML, like Gecko) Version/4.0 Chrome/81.0.4044.117 YaBrowser/19.6.0.158 (lite) Safari/537.36" www.thepicniccompany.mx 10.53.34.228
91.98.186.91 - - [26/Aug/2026:11:19:08 -0600] "GET /wp-login.php HTTP/2.0" 409 83 "-" "Mozilla/5.0 (Windows NT 10.0; Win64; x64) AppleWebKit/537.36 (KHTML, like Gecko) Chrome/151.0.0.0 Safari/537.36" thepicniccompany.mx 10.53.34.228
192.42.116.65 - - [26/Aug/2026:11:19:12 -0600] "GET /en/feed HTTP/2.0" 301 - "https://www.thepicniccompany.mx/en/feed" "Mozilla/5.0 (Linux; Android 8.1.0; P410 Build/OPM2.171019.012; wv) AppleWebKit/537.36 (KHTML, like Gecko) Version/4.0 Chrome/81.0.4044.117 YaBrowser/19.6.0.158 (lite) Safari/537.36" www.thepicniccompany.mx 10.53.34.228
192.42.116.65 - - [26/Aug/2026:11:19:13 -0600] "GET /en/feed/ HTTP/2.0" 200 59040 "https://www.thepicniccompany.mx/en/feed" "Mozilla/5.0 (Linux; Android 8.1.0; P410 Build/OPM2.171019.012; wv) AppleWebKit/537.36 (KHTML, like Gecko) Version/4.0 Chrome/81.0.4044.117 YaBrowser/19.6.0.158 (lite) Safari/537.36" www.thepicniccompany.mx 10.53.34.228
185.220.100.252 - - [26/Aug/2026:11:19:17 -0600] "GET /en/home/feed HTTP/2.0" 301 - "https://www.thepicniccompany.mx/en/home/feed" "Mozilla/5.0 (Linux; Android 8.1.0; P410 Build/OPM2.171019.012; wv) AppleWebKit/537.36 (KHTML, like Gecko) Version/4.0 Chrome/81.0.4044.117 YaBrowser/19.6.0.158 (lite) Safari/537.36" www.thepicniccompany.mx 10.53.34.228
34.196.51.17 - - [26/Aug/2026:11:19:18 -0600] "HEAD / HTTP/1.1" 301 - "https://www.thepicniccompany.mx/" "WPMUDEV Uptime Monitor 5.0 (https://wpmudev.com)" www.thepicniccompany.mx 10.53.34.228
185.220.100.252 - - [26/Aug/2026:11:19:18 -0600] "GET /en/home/feed/ HTTP/2.0" 200 778 "https://www.thepicniccompany.mx/en/home/feed" "Mozilla/5.0 (Linux; Android 8.1.0; P410 Build/OPM2.171019.012; wv) AppleWebKit/537.36 (KHTML, like Gecko) Version/4.0 Chrome/81.0.4044.117 YaBrowser/19.6.0.158 (lite) Safari/537.36" www.thepicniccompany.mx 10.53.34.228
34.196.51.17 - - [26/Aug/2026:11:19:19 -0600] "HEAD /en/ HTTP/1.1" 200 - "https://www.thepicniccompany.mx/" "WPMUDEV Uptime Monitor 5.0 (https://wpmudev.com)" www.thepicniccompany.mx 10.53.34.228
192.42.116.145 - - [26/Aug/2026:11:19:19 -0600] "GET /en/wp-json HTTP/2.0" 200 249021 "https://www.thepicniccompany.mx/en/wp-json" "Mozilla/5.0 (Linux; Android 8.1.0; P410 Build/OPM2.171019.012; wv) AppleWebKit/537.36 (KHTML, like Gecko) Version/4.0 Chrome/81.0.4044.117 YaBrowser/19.6.0.158 (lite) Safari/537.36" www.thepicniccompany.mx 10.53.34.228
192.42.116.145 - - [26/Aug/2026:11:19:22 -0600] "GET /en/wp-json/oembed/1.0/embed?url=https%3A%2F%2Fwww.thepicniccompany.mx%2Fen%2F HTTP/2.0" 200 2173 "https://www.thepicniccompany.mx/en/wp-json/oembed/1.0/embed?url=https%3A%2F%2Fwww.thepicniccompany.mx%2Fen%2F" "Mozilla/5.0 (Linux; Android 8.1.0; P410 Build/OPM2.171019.012; wv) AppleWebKit/537.36 (KHTML, like Gecko) Version/4.0 Chrome/81.0.4044.117 YaBrowser/19.6.0.158 (lite) Safari/537.36" www.thepicniccompany.mx 10.53.34.228
192.42.116.145 - - [26/Aug/2026:11:19:23 -0600] "GET /en/wp-json/oembed/1.0/embed?url=https%3A%2F%2Fwww.thepicniccompany.mx%2Fen%2F&format=xml HTTP/2.0" 200 2323 "https://www.thepicniccompany.mx/en/wp-json/oembed/1.0/embed?url=https%3A%2F%2Fwww.thepicniccompany.mx%2Fen%2F&format=xml" "Mozilla/5.0 (Linux; Android 8.1.0; P410 Build/OPM2.171019.012; wv) AppleWebKit/537.36 (KHTML, like Gecko) Version/4.0 Chrome/81.0.4044.117 YaBrowser/19.6.0.158 (lite) Safari/537.36" www.thepicniccompany.mx 10.53.34.228
